**3 + 14*b**2 - 8*b. Let t be c(g). What is the greatest common factor of 13 and t?
13
Suppose 0 = -5*o - 4*r + 5*r + 316, 2*o = 2*r + 128. What is the highest common divisor of 9 and o?
9
Suppose 13 = 4*u - 15. Calculate the highest common divisor of u and 21.
7
Let v be 5/((-5)/2) - -7. Let f(o) = 4*o**2 - 2*o. Let g be f(v). What is the highest common factor of 10 and g?
10
Let f(c) = 2*c - 4. Let p be f(6). Let d = 45 + -30. Let y be ((-144)/d)/((-3)/20). What is the highest common factor of y and p?
8
Let t = -81 - -114. Let n(h) = h**2 - 12*h + 13. Let x be n(11). Let w be (x - -20) + -1 + 1. What is the highest common factor of w and t?
11
Suppose 5*g = 15 + 90. Suppose j + 5*u - g = -2*j, 0 = -5*j + 5*u - 5. Suppose j*h = -h + 63. Calculate the highest common divisor of 3 and h.
3
Suppose -25*g = -21*g - 140. Calculate the greatest common factor of g and 5.
5
Let p be (8/(-2))/(6/(-24)). What is the greatest common divisor of p and 80?
16
Let s = -34 - -63. Calculate the greatest common factor of 232 and s.
29
Suppose -5*m + 0*k + 123 = -3*k, -5*m - 3*k = -147. Calculate the highest common factor of 3 and m.
3
Let c be 951/9 + (-2)/3. Suppose y + 212 = 5*r, 2*y = 5*r - 69 - 145. What is the greatest common factor of c and r?
21
Let t = 143 - 14. Suppose 2*q + 5*o - 175 = 0, -2*q - 4*o + t + 47 = 0. What is the greatest common divisor of 10 and q?
10
Suppose -2*t + 6*t - 12 = 0. Let b be (19 - -2)*2/t. Let s(f) = f + 70. Let m be s(0). What is the highest common factor of b and m?
14
Let r(b) = b**2 + b. Let o(p) = -p**3 - 8*p**2 - 4*p - 3. Let c(d) = o(d) + 4*r(d). Let m be c(-5). What is the greatest common factor of 11 and m?
11
Let z be -1*5*(-2 - -1). Suppose 0*x - 3*x - 169 = 5*f, -4*x + 116 = -4*f. Let v = -17 - f. What is the highest common factor of v and z?
5
Suppose 0 = -0*u + 5*u - 75. Let b = 25 - 16. Let s = u - b. What is the highest common divisor of 6 and s?
6
Let u = 33 - 15. What is the highest common factor of 9 and u?
9
Suppose -4*t - 236 = -2*m, 5*m + 0*t + 4*t = 534. Let b(h) = h - 10. Let j be b(20). Calculate the greatest common divisor of m and j.
10
Let p = -25 - -39. Let k(u) = -u**2 - 6*u - 6. Let m be k(-3). Suppose m = -n + 5. Calculate the highest common factor of p and n.
2
Let i be (0 - 0)/(1 - 0). Let h be -2*(45/(-6) - i). What is the highest common divisor of 90 and h?
15
Let t(z) = 2*z - 31. Let r be t(20). Calculate the greatest common divisor of r and 12.
3
Suppose 4*b = 8*b - 20. Suppose b*c - 6 = 99. Calculate the greatest common divisor of c and 189.
21
Suppose q - 75 = -5*x, -2*x + 3*q = -4 - 43. What is the highest common factor of x and 128?
16
Let y = 39 + -23. What is the highest common factor of y and 48?
16
Suppose 0 = -4*q + q + 81. Suppose 3 = c - q. Calculate the highest common divisor of 75 and c.
15
Let g(s) = 6*s**2 - 4*s + 6. Let f be g(-5). Let l be (3 + -7)/((-2)/8). What is the greatest common divisor of l and f?
16
Let a be (4*-2)/((-35)/15 + 2). What is the greatest common divisor of a and 12?
12
Let o(j) = -j**3 - 4*j**2 - 2*j - 1. Let a be o(-4). Let f(n) = 2 + 3*n - n + 0*n + a*n. Let t be f(7). What is the greatest common divisor of 13 and t?
13
Suppose -6*g = -28 - 68. Suppose 32 = -2*y + 6*y. Calculate the greatest common factor of y and g.
8
Let g(u) = u**2 + 19*u + 13. Let a be g(-19). Let x(r) = -26*r. Let c be x(-1). What is the highest common divisor of a and c?
13
Let s = 3 - 3. Suppose 0 = -s*z + 5*z + 225. Let m be ((-3)/5)/(3/z). Calculate the greatest common divisor of m and 9.
9
Let z(i) be the first derivative of 10*i**3/3 - 2*i**2 + 3*i + 2. Let f be z(2). What is the highest common factor of f and 14?
7
Suppose j - 25 = -2*y, 3*j - 60 = -5*y + j. Calculate the greatest common factor of y and 70.
10
Let i(p) = p**3 - 6*p**2 + p - 7. Let q be i(6). Let z(b) = 11*b**2 - 2*b - 1. Let x be z(q). What is the highest common divisor of 60 and x?
12
Let y be (-2702)/21 + 1/(-3). Let s = 183 + y. What is the greatest common factor of 18 and s?
18
Let t be -1 + -1 - (-50 - 0). What is the greatest common divisor of t and 12?
12
Let t(c) = -c**2 - 8 + c + 49 + 9. Let o be t(0). Suppose -4*f + 125 = -3*f. Calculate the greatest common divisor of f and o.
25
Let p be (-5)/(-3) + (-2)/(-6). Let x(o) = 4*o + 1. Let d be x(p). Let l be 50/4 - d/6. Calculate the greatest common factor of 22 and l.
11
Let i = 14 - 0. Let f = i - -6. Let n be (-6)/(-4)*(-200)/(-6). What is the greatest common divisor of n and f?
10
Let s(u) = -19*u - 1. Let i be s(-3). Calculate the highest common factor of i and 8.
8
Let h be ((-99)/44)/(2/(-24)). What is the greatest common divisor of h and 18?
9
Suppose -2*t - 5*m = -58, -2*t + 110 = 3*t - 5*m. Calculate the greatest common divisor of t and 192.
24
Suppose 908 = 7*k - 506. Suppose 3*l - k + 40 = 0. Let g = -5 + 11. What is the greatest common factor of l and g?
6
Let d(v) = -v**2 - v - 1. Let r be d(0). Let n be (-87)/(-3) + (-2 - r). What is the highest common factor of 7 and n?
7
Let c be (-6 + 0)*(9 + -10). Let m = 10 - 7. Calculate the greatest common factor of m and c.
3
Let l(r) = r + 2. Let b be l(-2). Suppose b = -4*q - 10 + 62. What is the highest common divisor of 52 and q?
13
Let f be 11 + (-2 - (-2 - -4)). Calculate the highest common factor of f and 28.
7
Suppose -6*c + 3*c - 5*v - 24 = 0, -3*c - v - 24 = 0. Let o be ((-54)/c)/(3/8). Let b = 71 - 26. Calculate the highest common divisor of o and b.
9
Suppose -2*q = -0*q + 5*p + 23, -2*p - 10 = 0. Let v be (q + -9)*-1 - -2. Calculate the highest common factor of v and 4.
2
Let q be 1*-13*(-44)/11. What is the greatest common divisor of q and 65?
13
Let l(f) = 2*f**2 - f. Let x be l(-2). Suppose 0 = s + 2 - x. Calculate the greatest common factor of 8 and s.
8
Let l = 70 - 13. What is the greatest common divisor of l and 38?
19
Let k be 2*3/(-6) + 43. Suppose -2*j + 0*s = -3*s - 48, 0 = -3*j - 3*s + k. Suppose -3*o = -15 - j. What is the highest common factor of o and 55?
11
Let t be (-42)/(-8) + 3/(-12). Suppose 3*z + 7 - 32 = -5*q, 4*q + 7 = 3*z. Calculate the highest common factor of z and t.
5
Suppose -2*z + 16 - 10 = 0. Suppose -1 = -3*r - 5*f, -4*r - f = z*f - 12. Calculate the greatest common divisor of r and 28.
7
Let f(w) = w**3 + 9*w**2 + w + 3. Let u be f(-9). Let s(q) = -q**3 - 6*q**2 - q - 2. Let b be s(u). What is the highest common factor of b and 4?
4
Let x = 22 - -15. Suppose 0 = -3*g + g - 4*s + 32, 2*g + 5*s - x = 0. Suppose 19*f = -63 + 291. What is the greatest common divisor of g and f?
6
Let c(z) = z**2 - 3*z + 1. Let m be c(3). Suppose o = -m + 21. Suppose -20 = -4*b - 3*d + d, 3*b + 4*d = o. Calculate the highest common factor of b and 1.
1
Let s = -14 + 26. What is the greatest common divisor of s and 8?
4
Let w = 63 + -49. What is the highest common divisor of 21 and w?
7
Let w be 3 - (-114)/24 - (-2)/8. Calculate the greatest common factor of w and 2.
2
Suppose -5*z - 1585 = -10*z + 5*j, 2*z + 4*j - 640 = 0. Suppose 5*x - z = 82. Calculate the highest common factor of x and 32.
16
Suppose -279 = 6*p - 951. What is the highest common divisor of p and 16?
16
Let q = -15 + 35. Let x be (-6)/10 + 206/10. Calculate the greatest common factor of x and q.
20
Let n(f) = f**3 + 8*f**2 + 7*f - 3. Let v be n(-6). Suppose 5*u - 9*u = 5*p - 65, 4*p = 4*u + 16. Calculate the highest common divisor of p and v.
9
Let d be (49 - -2)/((-9)/(-12)). Suppose -4*k - 33 = -5*k - 4*u, k - 4*u - 1 = 0. Calculate the greatest common divisor of k and d.
17
Let l(q) = -5*q**3 - q - 1. Let z be l(-1). Suppose -16 = -z*h + h. Let r = 10 - h. Calculate the greatest common divisor of 54 and r.
6
Let o(n) = 2*n**2 - 23*n - 5. Let c be o(17). Calculate the greatest common factor of c and 26.
26
Let i(m) = 2*m - 8. Let x be i(6). Suppose 216 = 5*r - y + 4*y, -4*r + x*y = -192. Calculate the highest common factor of r and 5.
5
Let k = -27 + 30. Suppose 0 = -3*s + 5*g - 6*g + 6, 2*s = g + 4. Let m = s - -10. What is the greatest common divisor of k and m?
3
Let t(j) = -10*j + 4. Let p be t(-5). Calculate the highest common divisor of 36 and p.
18
Suppose -2*o + 190 = 4*f, 3*o + f - 4*f - 249 = 0. Suppose 4*p + o = -37. Let w = 58 + p. Calculate the greatest common factor of w and 3.